{"id":8865,"date":"2024-01-29T16:29:10","date_gmt":"2024-01-29T15:29:10","guid":{"rendered":"https:\/\/amandineledu.art\/commande\/?page_id=8865"},"modified":"2024-01-31T11:17:24","modified_gmt":"2024-01-31T10:17:24","slug":"agenda","status":"publish","type":"page","link":"https:\/\/amandineledu.art\/commande\/agenda\/","title":{"rendered":"Agenda"},"content":{"rendered":"<div id=\"agenda\">\t\t<div id=\"bookacti-form-3-1173844254\" class=\"bookacti-form-fields bookacti-booking-form-3 \" autocomplete=\"off\" >\n\t\t\t\t<input type='hidden' name='form_id' value='3'\/>\n\t\t\t<input type='hidden' name='action' value=''\/>\n\t\t\t<div class='bookacti-form-field-container bookacti-form-field-name-calendar bookacti-form-field-type-calendar bookacti-form-field-id-10' id='bookacti-form-field-calendar-10-form-3-1173844254' data-field-name=\"calendar\" data-field-type=\"calendar\" data-field-id=\"10\">\n\t\t\t<div class='bookacti-form-field-content' >\n\t\t\n\t<div class='bookacti-booking-system-container' id='bookacti-booking-system-form-3-1173844254-container' >\n\t\t<script>\n\t\t\t\/\/ Compatibility with Optimization plugins\n\t\t\tif( typeof bookacti === 'undefined' ) { var bookacti = { booking_system:[] }; }\n\t\t\tbookacti.booking_system[ 'bookacti-booking-system-form-3-1173844254' ] = {\"events\":[],\"events_data\":[],\"events_interval\":{\"start\":\"2026-04-14 20:14:18\",\"end\":\"2026-04-14 20:14:18\"},\"events_min_interval\":[],\"bookings\":[],\"groups_bookings\":[],\"booking_lists\":[],\"activities_data\":[],\"groups_events\":[],\"groups_data\":[],\"group_categories_data\":[],\"no_events\":0,\"id\":\"bookacti-booking-system-form-3-1173844254\",\"class\":\"\",\"hide_availability\":100,\"calendars\":[1],\"activities\":[1,3,6,7,2,4,5],\"group_categories\":[\"none\"],\"groups_only\":0,\"groups_single_events\":0,\"groups_first_event_only\":0,\"multiple_bookings\":0,\"bookings_only\":0,\"tooltip_booking_list\":0,\"tooltip_booking_list_columns\":[],\"status\":[],\"user_id\":[],\"method\":\"calendar\",\"auto_load\":0,\"start\":\"\",\"end\":\"\",\"trim\":1,\"past_events\":1,\"past_events_bookable\":0,\"days_off\":[],\"check_roles\":1,\"picked_events\":[],\"form_id\":3,\"form_action\":\"redirect_to_url\",\"when_perform_form_action\":\"on_event_click\",\"redirect_url_by_activity\":{\"1\":\"https:\\\/\\\/amandineledu.art\\\/commande\\\/produit\\\/1001nuits\\\/\",\"3\":\"https:\\\/\\\/amandineledu.art\\\/commande\\\/produit\\\/cours-d1h30\\\/\",\"4\":\"https:\\\/\\\/calendar.google.com\\\/calendar\\\/u\\\/0\\\/appointments\\\/schedules\\\/AcZssZ2b7Q3PMx4C8MlOP3GK7q9NfcbJkN0NHy9cwh2ciaXrDJGj_hxSX2isCgbfFb5EC3hmXm4o1Dy0\",\"5\":\"https:\\\/\\\/amandineledu.art\\\/commande\\\/produit\\\/1001nuits\\\/\"},\"redirect_url_by_group_category\":[],\"display_data\":{\"slotMinTime\":\"10:00\",\"slotMaxTime\":\"22:00\"},\"product_by_activity\":{\"3\":8851},\"product_by_group_category\":[],\"products_page_url\":[]};\n\t\t<\/script>\n\t\t\t\t\n\t\t<div class='bookacti-booking-system-inputs'>\n\t\t\t\t\t<\/div>\n\t\t\n\t\t\t\t\n\t\t<div id='bookacti-booking-system-form-3-1173844254' class='bookacti-booking-system ' >\n\t\t\t\t\t<div class='bookacti-calendar-title bookacti-booking-system-title'>\n\t\t\tChoisissez un \u00e9v\u00e8nement sur le calendrier\u00a0:\t\t<\/div>\n\t\t<div class='bookacti-calendar'><\/div>\n\t\t\t<\/div>\n\t\t\n\t\t\t\t\n\t\t<div class='bookacti-picked-events' style='display:none;' >\n\t\t\t<div class='bookacti-picked-events-list-title' ><\/div>\n\t\t\t<ul class='bookacti-picked-events-list bookacti-custom-scrollbar' >\n\t\t\t\t\t\t\t<\/ul>\n\t\t<\/div>\n\t\t\n\t\t<div class='bookacti-notices' style='display:none;' >\n\t\t\t\t\t<\/div>\n\t\t\n\t\t<div class='bookacti-tooltips-container'>\n\t\t\t\t\t<\/div>\n\t\t\n\t\t\t<\/div>\n\t<div id='bookacti-booking-system-form-3-1173844254-dialogs' class='bookacti-booking-system-dialogs' >\n\t\t\t<!-- Choose a group of events -->\n\t<div id='bookacti-booking-system-form-3-1173844254-choose-group-of-events-dialog' \n\t\t data-booking-system-id='bookacti-booking-system-form-3-1173844254' \n\t\t class='bookacti-backend-dialog bookacti-choose-group-of-events-dialog bookacti-booking-system-dialog' \n\t\t title='Cet \u00e9v\u00e8nement est disponible dans plusieurs groupes' \n\t\t style='display:none;' >\n\t\tQuel groupe d&#039;\u00e9v\u00e8nements voulez-vous s\u00e9lectionner&nbsp;?\t\t<div id='bookacti-booking-system-form-3-1173844254-groups-of-events-list' class='bookacti-groups-of-events-list' ><\/div>\n\t<\/div>\n\n\t\t<\/div>\n\t\t\t<\/div>\n\t<\/div>\n\t<div class='bookacti-form-field-container bookacti-form-field-name-quantity bookacti-form-field-type-quantity  bookacti-hidden-field' id='bookacti-compulsory-quantity-field' data-field-name=\"quantity\" data-field-type=\"quantity\">\n\t\t\t<div class='bookacti-form-field-label' >\n\t\t\t<label>\n\t\t\tQuantit\u00e9<span class=\"bookacti-required-field-indicator\" title=\"Champ obligatoire\"><\/span>\t\t\t<\/label>\n\t\t\t\t<\/div>\n\t\t\t<div class='bookacti-form-field-content' >\n\t\t\t\t<input type='number' \r\n\t\t\t\tname='quantity' \r\n\t\t\t\tvalue='1' \r\n\t\t\t\tautocomplete='off'\r\n\t\t\t\tid='f5398ba3d82486091e2e2343c920978c' \r\n\t\t\t\tclass='bookacti-input bookacti-form-field bookacti-quantity' \r\n\t\t\t\t\t\t\tplaceholder='' \r\n\t\t\t\t\t\t\tmin='1' \r\n\t\t\t\tmax=''\r\n\t\t\t\tstep=''\r\n\t\t\t\t\t\/>\r\n\t\t\t<\/div>\n\t<\/div>\n\t\t\t<div class='bookacti-notices' style='display:none;'><\/div>\n\t\t\t<\/div>\n\t<\/div>\n","protected":false},"excerpt":{"rendered":"","protected":false},"author":15,"featured_media":0,"parent":0,"menu_order":0,"comment_status":"closed","ping_status":"closed","template":"","meta":{"footnotes":""},"class_list":["post-8865","page","type-page","status-publish","hentry"],"jetpack_sharing_enabled":true,"_links":{"self":[{"href":"https:\/\/amandineledu.art\/commande\/wp-json\/wp\/v2\/pages\/8865","targetHints":{"allow":["GET"]}}],"collection":[{"href":"https:\/\/amandineledu.art\/commande\/wp-json\/wp\/v2\/pages"}],"about":[{"href":"https:\/\/amandineledu.art\/commande\/wp-json\/wp\/v2\/types\/page"}],"author":[{"embeddable":true,"href":"https:\/\/amandineledu.art\/commande\/wp-json\/wp\/v2\/users\/15"}],"replies":[{"embeddable":true,"href":"https:\/\/amandineledu.art\/commande\/wp-json\/wp\/v2\/comments?post=8865"}],"version-history":[{"count":2,"href":"https:\/\/amandineledu.art\/commande\/wp-json\/wp\/v2\/pages\/8865\/revisions"}],"predecessor-version":[{"id":8868,"href":"https:\/\/amandineledu.art\/commande\/wp-json\/wp\/v2\/pages\/8865\/revisions\/8868"}],"wp:attachment":[{"href":"https:\/\/amandineledu.art\/commande\/wp-json\/wp\/v2\/media?parent=8865"}],"curies":[{"name":"wp","href":"https:\/\/api.w.org\/{rel}","templated":true}]}}